{"id":637,"date":"2025-02-20T14:37:33","date_gmt":"2025-02-20T13:37:33","guid":{"rendered":"http:\/\/legalizacjalewandowska.pl\/index.php\/?page_id=637"},"modified":"2025-04-20T18:16:35","modified_gmt":"2025-04-20T16:16:35","slug":"dla-cudzoziemca","status":"publish","type":"page","link":"https:\/\/legalizacjalewandowska.pl\/index.php\/dla-cudzoziemca\/","title":{"rendered":"Dla Cudzoziemca"},"content":{"rendered":"\t\t<div data-elementor-type=\"wp-page\" data-elementor-id=\"637\" class=\"elementor elementor-637\">\n\t\t\t\t\t\t<section class=\"elementor-section elementor-top-section elementor-element elementor-element-459b56b elementor-section-boxed elementor-section-height-default elementor-section-height-default\" data-id=\"459b56b\" data-element_type=\"section\">\n\t\t\t\t\t\t<div class=\"elementor-container elementor-column-gap-default\">\n\t\t\t\t\t<div class=\"elementor-column elementor-col-100 elementor-top-column elementor-element elementor-element-f3f716c\" data-id=\"f3f716c\" data-element_type=\"column\">\n\t\t\t<div class=\"elementor-widget-wrap elementor-element-populated\">\n\t\t\t\t\t\t<div class=\"elementor-element elementor-element-4d9e7dd elementor-widget elementor-widget-text-editor\" data-id=\"4d9e7dd\" data-element_type=\"widget\" data-widget_type=\"text-editor.default\">\n\t\t\t\t<div class=\"elementor-widget-container\">\n\t\t\t\t\t\t\t\t\t<div class=\"fabric-editor-breakout-mark\" data-mode=\"wide\" data-prosemirror-content-type=\"mark\" data-prosemirror-mark-name=\"breakout\" data-pm-slice=\"2 2 []\"><h2>Dla cudzoziemca<\/h2><div data-node-type=\"expand\" data-title=\"5. Sekcja\" data-expanded=\"true\" data-prosemirror-content-type=\"node\" data-prosemirror-node-name=\"expand\" data-prosemirror-node-block=\"true\"><div class=\"fabric-editor-breakout-mark\" data-mode=\"wide\" data-prosemirror-content-type=\"mark\" data-prosemirror-mark-name=\"breakout\" data-pm-slice=\"2 2 []\"><div data-node-type=\"expand\" data-title=\"5. Sekcja\" data-expanded=\"true\" data-prosemirror-content-type=\"node\" data-prosemirror-node-name=\"expand\" data-prosemirror-node-block=\"true\"><p data-prosemirror-content-type=\"node\" data-prosemirror-node-name=\"paragraph\" data-prosemirror-node-block=\"true\">Wsp\u00f3\u0142pracuj\u0119 z Tob\u0105 od pocz\u0105tku do ko\u0144ca procedury legalizacji pobytu, opisz\u0119 to w pi\u0119ciu krokach.<\/p><h4>1. Nie martw si\u0119 formalno\u015bciami!<\/h4><p data-prosemirror-content-type=\"node\" data-prosemirror-node-name=\"paragraph\" data-prosemirror-node-block=\"true\">Zadzwo\u0144 do mnie \u2013 porozmawiamy i ustalimy termin i miejsce spotkania &#8211; bezp\u0142atna konsultacja telefoniczna<\/p><h4 data-prosemirror-content-type=\"node\" data-prosemirror-node-name=\"paragraph\" data-prosemirror-node-block=\"true\">2. Ze mn\u0105 b\u0119dziesz spokojniejszy!<\/h4><p data-prosemirror-content-type=\"node\" data-prosemirror-node-name=\"paragraph\" data-prosemirror-node-block=\"true\">Pierwsze spotkanie \u2013 przygotuj dokumenty do weryfikacji Twojego statusu pobytowego:<\/p><ul><li data-prosemirror-content-type=\"node\" data-prosemirror-node-name=\"paragraph\" data-prosemirror-node-block=\"true\">Paszport lub paszporty<\/li><li data-prosemirror-content-type=\"node\" data-prosemirror-node-name=\"paragraph\" data-prosemirror-node-block=\"true\">Dokument o nadaniu nr pesel<\/li><li data-prosemirror-content-type=\"node\" data-prosemirror-node-name=\"paragraph\" data-prosemirror-node-block=\"true\">Kart\u0119 pobytu (gdy j\u0105 posiadasz) + decyzja o udzieleniu zezwolenia na pobyt<\/li><li data-prosemirror-content-type=\"node\" data-prosemirror-node-name=\"paragraph\" data-prosemirror-node-block=\"true\">Pisma urz\u0119dowe<\/li><\/ul><h4 data-prosemirror-content-type=\"node\" data-prosemirror-node-name=\"paragraph\" data-prosemirror-node-block=\"true\">3. Wyt\u0142umacz\u0119 Ci jak to dzia\u0142a!<\/h4><p data-prosemirror-content-type=\"node\" data-prosemirror-node-name=\"paragraph\" data-prosemirror-node-block=\"true\">Drugie spotkanie \u2013 wyja\u015bni\u0119 Ci wszystkie przygotowane dokumenty urz\u0119dowe przed ich podpisaniem \u2013 po szczeg\u00f3\u0142owym om\u00f3wieniu i wyja\u015bnieniu wszelkich w\u0105tpliwo\u015bci, podpisujesz skompletowany wniosek.<\/p><h4 data-prosemirror-content-type=\"node\" data-prosemirror-node-name=\"paragraph\" data-prosemirror-node-block=\"true\">4. Nie stresuj si\u0119 \u2013 pomog\u0119 ci!<\/h4><p data-prosemirror-content-type=\"node\" data-prosemirror-node-name=\"paragraph\" data-prosemirror-node-block=\"true\">Trzecie spotkanie &#8211; reprezentowanie w Urz\u0119dzie Wojew\u00f3dzkim \u2013 sk\u0142adanie wniosku i\/lub odcisk\u00f3w palc\u00f3w (linii papilarnych) na tym stresuj\u0105cym etapie b\u0119d\u0119 z Tob\u0105 w Urz\u0119dzie.<\/p><h4 data-prosemirror-content-type=\"node\" data-prosemirror-node-name=\"paragraph\" data-prosemirror-node-block=\"true\">5. Gratulacje!<\/h4><p data-prosemirror-content-type=\"node\" data-prosemirror-node-name=\"paragraph\" data-prosemirror-node-block=\"true\">Czwarte i ostatnie spotkanie \u2013 przekazanie pozytywnej decyzji o udzieleniu zezwolenia na pobyt.<\/p><\/div><\/div><\/div><p data-prosemirror-content-type=\"node\" data-prosemirror-node-name=\"paragraph\" data-prosemirror-node-block=\"true\"><img fetchpriority=\"high\" decoding=\"async\" class=\"alignnone wp-image-716\" src=\"http:\/\/legalizacjalewandowska.pl\/wp-content\/uploads\/2025\/02\/Bez-nazwy.jpg\" alt=\"\" width=\"670\" height=\"343\" srcset=\"https:\/\/legalizacjalewandowska.pl\/wp-content\/uploads\/2025\/02\/Bez-nazwy.jpg 632w, https:\/\/legalizacjalewandowska.pl\/wp-content\/uploads\/2025\/02\/Bez-nazwy-300x154.jpg 300w, https:\/\/legalizacjalewandowska.pl\/wp-content\/uploads\/2025\/02\/Bez-nazwy-600x308.jpg 600w\" sizes=\"(max-width: 670px) 100vw, 670px\" \/><\/p><div data-node-type=\"expand\" data-title=\"5. Sekcja\" data-expanded=\"true\" data-prosemirror-content-type=\"node\" data-prosemirror-node-name=\"expand\" data-prosemirror-node-block=\"true\"><div class=\"fabric-editor-breakout-mark\" data-mode=\"wide\" data-prosemirror-content-type=\"mark\" data-prosemirror-mark-name=\"breakout\" data-pm-slice=\"2 2 []\"><div data-node-type=\"expand\" data-title=\"5. Sekcja\" data-expanded=\"true\" data-prosemirror-content-type=\"node\" data-prosemirror-node-name=\"expand\" data-prosemirror-node-block=\"true\"><p data-prosemirror-content-type=\"node\" data-prosemirror-node-name=\"paragraph\" data-prosemirror-node-block=\"true\">Us\u0142uga legalizacyjna dla Klienta indywidualnego obejmuje proces od pocz\u0105tku do zako\u0144czenia post\u0119powania administracyjnego, nawet wtedy, gdy w trakcie oczekiwania na decyzj\u0119 wojewody zmieni si\u0119 Tw\u00f3j g\u0142\u00f3wny cel pobytu w Polsce. \u2013 nie zostawi\u0119 Ci\u0119 samego.<\/p><blockquote><p data-prosemirror-content-type=\"node\" data-prosemirror-node-name=\"paragraph\" data-prosemirror-node-block=\"true\">Pami\u0119taj, \u017ce karta pobytu jest dokumentem to\u017csamo\u015bci podczas Twojego legalnego pobytu na terytorium Rzeczypospolitej Polskiej i wraz z paszportem zagranicznym s\u0142u\u017cy do przekraczania granic wewn\u0119trznych i zewn\u0119trznych Unii Europejskiej, natomiast decyzja administracyjna wojewody o udzieleniu zezwolenia na pobyt jest podstaw\u0105 prawn\u0105, na kt\u00f3rej przebywasz w Polsce, dlatego jest ona bardzo wa\u017cna dla Ciebie i Twojego pracodawcy.<\/p><\/blockquote><p data-prosemirror-content-type=\"node\" data-prosemirror-node-name=\"paragraph\" data-prosemirror-node-block=\"true\">Zezwolenie cudzoziemcowi na pobyt wydaje Wojewoda zgodnie z w\u0142a\u015bciwo\u015bci\u0105 miejscow\u0105 zamieszkania cudzoziemca. Wyr\u00f3\u017cniamy:<\/p><ol class=\"ak-ol\" start=\"1\" data-prosemirror-content-type=\"node\" data-prosemirror-node-name=\"orderedList\" data-prosemirror-node-block=\"true\"><li data-prosemirror-content-type=\"node\" data-prosemirror-node-name=\"listItem\" data-prosemirror-node-block=\"true\"><u data-prosemirror-content-type=\"mark\" data-prosemirror-mark-name=\"underline\">CZASOWY<\/u> &#8211; maksymalnie do 3 lat w r\u00f3\u017cnym celu (<strong data-prosemirror-content-type=\"mark\" data-prosemirror-mark-name=\"strong\">najcz\u0119\u015bciej spotykane<\/strong>):<br \/><ul class=\"ak-ol\" data-prosemirror-content-type=\"node\" data-prosemirror-node-name=\"orderedList\" data-prosemirror-node-block=\"true\"><li data-prosemirror-content-type=\"node\" data-prosemirror-node-name=\"listItem\" data-prosemirror-node-block=\"true\"><strong data-prosemirror-content-type=\"mark\" data-prosemirror-mark-name=\"strong\">Wykonywanie pracy<\/strong><\/li><li data-prosemirror-content-type=\"node\" data-prosemirror-node-name=\"listItem\" data-prosemirror-node-block=\"true\">Wykonywanie pracy w zawodzie wymagaj\u0105cym wysokich kwalifikacji<\/li><li data-prosemirror-content-type=\"node\" data-prosemirror-node-name=\"listItem\" data-prosemirror-node-block=\"true\">Wykonywanie pracy przez cudzoziemca delegowanego przez pracodawc\u0119 zagranicznego na terytorium rzeczypospolitej polskiej<\/li><li data-prosemirror-content-type=\"node\" data-prosemirror-node-name=\"listItem\" data-prosemirror-node-block=\"true\"><strong data-prosemirror-content-type=\"mark\" data-prosemirror-mark-name=\"strong\">Prowadzenie dzia\u0142alno\u015bci gospodarczej<\/strong><\/li><li data-prosemirror-content-type=\"node\" data-prosemirror-node-name=\"listItem\" data-prosemirror-node-block=\"true\">Podj\u0119cie lub kontynuacja stacjonarnych: studi\u00f3w pierwszego stopnia, studi\u00f3w drugiego stopnia lub jednolitych studi\u00f3w magisterskich albo kszta\u0142cenie si\u0119 w szkole doktorskiej<\/li><li data-prosemirror-content-type=\"node\" data-prosemirror-node-name=\"listItem\" data-prosemirror-node-block=\"true\">Prowadzenie bada\u0144 naukowych lub prac rozwojowych<\/li><li data-prosemirror-content-type=\"node\" data-prosemirror-node-name=\"listItem\" data-prosemirror-node-block=\"true\">Mobilno\u015b\u0107 d\u0142ugoterminowa naukowca<\/li><li data-prosemirror-content-type=\"node\" data-prosemirror-node-name=\"listItem\" data-prosemirror-node-block=\"true\">Odbycie sta\u017cu<\/li><li data-prosemirror-content-type=\"node\" data-prosemirror-node-name=\"listItem\" data-prosemirror-node-block=\"true\">Udzia\u0142 w programie wolontariatu europejskiego<\/li><li data-prosemirror-content-type=\"node\" data-prosemirror-node-name=\"listItem\" data-prosemirror-node-block=\"true\"><strong data-prosemirror-content-type=\"mark\" data-prosemirror-mark-name=\"strong\">Pobyt z obywatelem rzeczypospolitej polskiej<\/strong><\/li><li data-prosemirror-content-type=\"node\" data-prosemirror-node-name=\"listItem\" data-prosemirror-node-block=\"true\"><strong data-prosemirror-content-type=\"mark\" data-prosemirror-mark-name=\"strong\">Pobyt z cudzoziemcem<\/strong><\/li><li data-prosemirror-content-type=\"node\" data-prosemirror-node-name=\"listItem\" data-prosemirror-node-block=\"true\">Mobilno\u015b\u0107 d\u0142ugoterminowa cz\u0142onka rodziny naukowca<\/li><li data-prosemirror-content-type=\"node\" data-prosemirror-node-name=\"listItem\" data-prosemirror-node-block=\"true\">Okoliczno\u015bci zwi\u0105zane z byciem ofiar\u0105 handlu lud\u017ami<\/li><li data-prosemirror-content-type=\"node\" data-prosemirror-node-name=\"listItem\" data-prosemirror-node-block=\"true\">Okoliczno\u015bci wymagaj\u0105ce kr\u00f3tkotrwa\u0142ego pobytu na terytorium RP<\/li><li data-prosemirror-content-type=\"node\" data-prosemirror-node-name=\"listItem\" data-prosemirror-node-block=\"true\">Przed\u0142u\u017cenie pobytu na terytorium RP ze wzgl\u0119du na prac\u0119 sezonow\u0105<\/li><li data-prosemirror-content-type=\"node\" data-prosemirror-node-name=\"listItem\" data-prosemirror-node-block=\"true\"><strong data-prosemirror-content-type=\"mark\" data-prosemirror-mark-name=\"strong\"><strong data-prosemirror-content-type=\"mark\" data-prosemirror-mark-name=\"strong\">Inne okoliczno\u015bci<\/strong><\/strong><p>\u00a0<\/p><\/li><\/ul><\/li><li data-prosemirror-content-type=\"node\" data-prosemirror-node-name=\"listItem\" data-prosemirror-node-block=\"true\"><u data-prosemirror-content-type=\"mark\" data-prosemirror-mark-name=\"underline\">STA\u0141Y<\/u> &#8211; na czas nieokre\u015blony z pe\u0142nym dost\u0119pem do rynku pracy. Kart\u0119 pobytu wymienia si\u0119 <strong data-prosemirror-content-type=\"mark\" data-prosemirror-mark-name=\"strong\">co 10 lat<\/strong>. Najcz\u0119\u015bciej udzielane dla:<br \/><ul class=\"ak-ol\" data-prosemirror-content-type=\"node\" data-prosemirror-node-name=\"orderedList\" data-prosemirror-node-block=\"true\"><li data-prosemirror-content-type=\"node\" data-prosemirror-node-name=\"listItem\" data-prosemirror-node-block=\"true\">Dziecka cudzoziemca, kt\u00f3remu udzielono zezwolenia na pobyt sta\u0142y lub zezwolenia na pobyt rezydenta d\u0142ugoterminowego UE<\/li><li data-prosemirror-content-type=\"node\" data-prosemirror-node-name=\"listItem\" data-prosemirror-node-block=\"true\">Cudzoziemca posiadaj\u0105cego Kart\u0119 Polaka lub b\u0119d\u0105cego osob\u0105 o polskim pochodzeniu<\/li><li data-prosemirror-content-type=\"node\" data-prosemirror-node-name=\"listItem\" data-prosemirror-node-block=\"true\">Cudzoziemca pozostaj\u0105cym w uznawanym przez prawo RP zwi\u0105zku ma\u0142\u017ce\u0144skim z obywatelem polskim<\/li><\/ul><\/li><li data-prosemirror-content-type=\"node\" data-prosemirror-node-name=\"listItem\" data-prosemirror-node-block=\"true\"><u data-prosemirror-content-type=\"mark\" data-prosemirror-mark-name=\"underline\">REZYDENTA D\u0141UGOTERMINOWEGO UE<\/u><strong data-prosemirror-content-type=\"mark\" data-prosemirror-mark-name=\"strong\"> &#8211; <\/strong>na czas nieokre\u015blony z pe\u0142nym dost\u0119pem do rynku pracy. Kart\u0119 pobytu wymienia si\u0119 <strong data-prosemirror-content-type=\"mark\" data-prosemirror-mark-name=\"strong\">co 5 lat<\/strong>. Najcz\u0119\u015bciej udzielane dla cudzoziemca spoza UE posiadaj\u0105cego:<br \/><ul class=\"ak-ol\" data-prosemirror-content-type=\"node\" data-prosemirror-node-name=\"orderedList\" data-prosemirror-node-block=\"true\"><li data-prosemirror-content-type=\"node\" data-prosemirror-node-name=\"listItem\" data-prosemirror-node-block=\"true\">Nieprzerwany pobyt przez minimum 5 lat<\/li><li data-prosemirror-content-type=\"node\" data-prosemirror-node-name=\"listItem\" data-prosemirror-node-block=\"true\">Odpowiedni doch\u00f3d<\/li><li data-prosemirror-content-type=\"node\" data-prosemirror-node-name=\"listItem\" data-prosemirror-node-block=\"true\">Ubezpieczenie zdrowotne<\/li><li data-prosemirror-content-type=\"node\" data-prosemirror-node-name=\"listItem\" data-prosemirror-node-block=\"true\">Znajomo\u015b\u0107 j\u0119zyka polskiego<\/li><\/ul><\/li><\/ol><h4 data-prosemirror-content-type=\"node\" data-prosemirror-node-name=\"paragraph\" data-prosemirror-node-block=\"true\">\u00a0<\/h4><h4 data-prosemirror-content-type=\"node\" data-prosemirror-node-name=\"paragraph\" data-prosemirror-node-block=\"true\">OBYWATELSTWO POLSKIE<\/h4><p data-prosemirror-content-type=\"node\" data-prosemirror-node-name=\"paragraph\" data-prosemirror-node-block=\"true\">cudzoziemcy, kt\u00f3rzy wyra\u017caj\u0105 ch\u0119\u0107 nabycia obywatelstwa polskiego zobowi\u0105zani s\u0105 do z\u0142o\u017cenia wniosku o uznanie za obywatela polskiego przez Wojewod\u0119 wg art. 30 ust. 1 ustawy z dnia 2 kwietnia 2009 r. O obywatelstwie polskim lub o nadanie obywatelstwa polskiego przez Prezydenta Rzeczypospolitej Polskiej w my\u015bl art. 137 Konstytucji Rzeczypospolitej Polskiej z dnia 2 kwietnia 1997 r.<\/p><p data-prosemirror-content-type=\"node\" data-prosemirror-node-name=\"paragraph\" data-prosemirror-node-block=\"true\"><br data-prosemirror-content-type=\"node\" data-prosemirror-node-name=\"hardBreak\" data-prosemirror-node-inline=\"true\" \/><a href=\"http:\/\/legalizacjalewandowska.pl\/index.php\/kontakt\/\">Napisz o bezp\u0142atn\u0105 wycen\u0119 \u015bwiadczonych us\u0142ug<\/a><\/p><\/div><\/div><\/div><\/div>\t\t\t\t\t\t\t\t<\/div>\n\t\t\t\t<\/div>\n\t\t\t\t\t<\/div>\n\t\t<\/div>\n\t\t\t\t\t<\/div>\n\t\t<\/section>\n\t\t\t\t<\/div>\n\t\t","protected":false},"excerpt":{"rendered":"Dla cudzoziemca Wsp\u00f3\u0142pracuj\u0119 z Tob\u0105 od pocz\u0105tku do ko\u0144ca procedury legalizacji pobytu, opisz\u0119 to w pi\u0119ciu krokach. 1. Nie martw si\u0119 formalno\u015bciami! Zadzwo\u0144 do mnie \u2013 porozmawiamy i ustalimy termin i miejsce spotkania &#8211; bezp\u0142atna konsultacja telefoniczna 2. Ze mn\u0105 b\u0119dziesz spokojniejszy! Pierwsze spotkanie \u2013 przygotuj dokumenty do weryfikacji Twojego statusu pobytowego: Paszport lub paszporty ","protected":false},"author":1,"featured_media":0,"parent":0,"menu_order":0,"comment_status":"closed","ping_status":"closed","template":"","meta":{"footnotes":""},"class_list":["post-637","page","type-page","status-publish","hentry"],"_links":{"self":[{"href":"https:\/\/legalizacjalewandowska.pl\/index.php\/wp-json\/wp\/v2\/pages\/637","targetHints":{"allow":["GET"]}}],"collection":[{"href":"https:\/\/legalizacjalewandowska.pl\/index.php\/wp-json\/wp\/v2\/pages"}],"about":[{"href":"https:\/\/legalizacjalewandowska.pl\/index.php\/wp-json\/wp\/v2\/types\/page"}],"author":[{"embeddable":true,"href":"https:\/\/legalizacjalewandowska.pl\/index.php\/wp-json\/wp\/v2\/users\/1"}],"replies":[{"embeddable":true,"href":"https:\/\/legalizacjalewandowska.pl\/index.php\/wp-json\/wp\/v2\/comments?post=637"}],"version-history":[{"count":38,"href":"https:\/\/legalizacjalewandowska.pl\/index.php\/wp-json\/wp\/v2\/pages\/637\/revisions"}],"predecessor-version":[{"id":1051,"href":"https:\/\/legalizacjalewandowska.pl\/index.php\/wp-json\/wp\/v2\/pages\/637\/revisions\/1051"}],"wp:attachment":[{"href":"https:\/\/legalizacjalewandowska.pl\/index.php\/wp-json\/wp\/v2\/media?parent=637"}],"curies":[{"name":"wp","href":"https:\/\/api.w.org\/{rel}","templated":true}]}}